{"id":338,"date":"2025-09-02T15:55:26","date_gmt":"2025-09-02T19:55:26","guid":{"rendered":"https:\/\/don-domingo.com\/?page_id=338"},"modified":"2025-09-02T19:18:21","modified_gmt":"2025-09-02T23:18:21","slug":"conaripe","status":"publish","type":"page","link":"https:\/\/don-domingo.com\/?page_id=338","title":{"rendered":"CO\u00d1ARIPE"},"content":{"rendered":"\n<p>Desde el Lago Calafqu\u00e9n, abriendo la Patagonia Chilena con una propuesta simple, moderna, limpia y con el confort necesario para pasar unos excelentes d\u00edas de vacaciones.<\/p>\n\n\n\n<p class=\"has-very-light-gray-color has-very-dark-gray-background-color has-text-color has-background has-medium-font-size\">Apartamento DOS Ambientes <\/p>\n\n\n\n<div class=\"wp-block-columns has-2-columns is-layout-flex wp-container-core-columns-is-layout-28f84493 wp-block-columns-is-layout-flex\">\n<div class=\"wp-block-column is-layout-flow wp-block-column-is-layout-flow\">\n<p>Apartamento de dos ambientes con 1 cama matrimonial, tv con cable, ba\u00f1o privado, cocina equipada , sala de estar con 1 sill\u00f3n(sill\u00f3n cama tipo fut\u00f3n) y mesa para dos o tres personas, en la calle principal de Co\u00f1aripe. Estacionamiento privado gratuito disponible.<\/p>\n\n\n\n<p><strong>El espacio<\/strong><br>Nuestros apartamentos est\u00e1n dise\u00f1ado para que nuestros hu\u00e9spedes disfruten de una estancia tranquila, c\u00f3moda y segura en su visita a Co\u00f1aripe. <br>Por lo mismo, nuestros apartamentos tienen todo lo necesario para preparara una comida r\u00e1pida, tomar un buen ba\u00f1o y tener una noche de descanso.<\/p>\n\n\n\n<p><strong>Acceso de los hu\u00e9spedes<\/strong><br>Si bien es cierto esta totalmente prohibido fumar dentro de los apartamento, contamos con una terraza exterior en cada apartamento, equipada con mesas, sillas, toldo y ceniceros donde si es posible fumar e incluso hacer una peque\u00f1a parrillada.<\/p>\n\n\n\n<p><strong>Otros aspectos a destacar<\/strong><br>Los apartamentos incluyen un pack de bienvenida individual por hu\u00e9sped, con t\u00e9, caf\u00e9, az\u00facar y endulzante. Aceite y sal (todo esto en cantidades minimas para el dia de llegada y salvar alguna emergencia \/ olvido)<\/p>\n\n\n\n<p><strong>Toallas incluidas &#8211; Ropa de Cama incluida<\/strong><\/p>\n<\/div>\n\n\n\n<div class=\"wp-block-column is-layout-flow wp-block-column-is-layout-flow\">\n<figure class=\"wp-block-image\"><img loading=\"lazy\" decoding=\"async\" width=\"1024\" height=\"575\" src=\"http:\/\/don-domingo.com\/wp-content\/uploads\/2020\/06\/sevicios-1024x575.jpg\" alt=\"\" class=\"wp-image-196\" srcset=\"https:\/\/don-domingo.com\/wp-content\/uploads\/2020\/06\/sevicios-1024x575.jpg 1024w, https:\/\/don-domingo.com\/wp-content\/uploads\/2020\/06\/sevicios-300x168.jpg 300w, https:\/\/don-domingo.com\/wp-content\/uploads\/2020\/06\/sevicios-768x431.jpg 768w\" sizes=\"auto, (max-width: 1024px) 100vw, 1024px\" \/><\/figure>\n\n\n\n<figure class=\"wp-block-image size-large\"><img loading=\"lazy\" decoding=\"async\" width=\"1024\" height=\"622\" src=\"https:\/\/don-domingo.com\/wp-content\/uploads\/2025\/09\/conaripeSING-7-1-1024x622.jpg\" alt=\"\" class=\"wp-image-359\" srcset=\"https:\/\/don-domingo.com\/wp-content\/uploads\/2025\/09\/conaripeSING-7-1-1024x622.jpg 1024w, https:\/\/don-domingo.com\/wp-content\/uploads\/2025\/09\/conaripeSING-7-1-300x182.jpg 300w, https:\/\/don-domingo.com\/wp-content\/uploads\/2025\/09\/conaripeSING-7-1-768x467.jpg 768w, https:\/\/don-domingo.com\/wp-content\/uploads\/2025\/09\/conaripeSING-7-1-1536x933.jpg 1536w, https:\/\/don-domingo.com\/wp-content\/uploads\/2025\/09\/conaripeSING-7-1.jpg 2000w\" sizes=\"auto, (max-width: 1024px) 100vw, 1024px\" \/><\/figure>\n<\/div>\n<\/div>\n\n\n\n<figure class=\"wp-block-gallery has-nested-images columns-default is-cropped wp-block-gallery-1 is-layout-flex wp-block-gallery-is-layout-flex\">\n<figure class=\"wp-block-image size-large\"><img loading=\"lazy\" decoding=\"async\" width=\"1024\" height=\"768\" data-id=\"348\" src=\"https:\/\/don-domingo.com\/wp-content\/uploads\/2025\/09\/conaripe-3-1024x768.jpg\" alt=\"\" class=\"wp-image-348\" srcset=\"https:\/\/don-domingo.com\/wp-content\/uploads\/2025\/09\/conaripe-3-1024x768.jpg 1024w, https:\/\/don-domingo.com\/wp-content\/uploads\/2025\/09\/conaripe-3-300x225.jpg 300w, https:\/\/don-domingo.com\/wp-content\/uploads\/2025\/09\/conaripe-3-768x576.jpg 768w, https:\/\/don-domingo.com\/wp-content\/uploads\/2025\/09\/conaripe-3-1536x1152.jpg 1536w, https:\/\/don-domingo.com\/wp-content\/uploads\/2025\/09\/conaripe-3-2048x1536.jpg 2048w\" sizes=\"auto, (max-width: 1024px) 100vw, 1024px\" \/><\/figure>\n\n\n\n<figure class=\"wp-block-image size-large\"><img loading=\"lazy\" decoding=\"async\" width=\"1024\" height=\"768\" data-id=\"349\" src=\"https:\/\/don-domingo.com\/wp-content\/uploads\/2025\/09\/conaripe-4-1024x768.jpg\" alt=\"\" class=\"wp-image-349\" srcset=\"https:\/\/don-domingo.com\/wp-content\/uploads\/2025\/09\/conaripe-4-1024x768.jpg 1024w, https:\/\/don-domingo.com\/wp-content\/uploads\/2025\/09\/conaripe-4-300x225.jpg 300w, https:\/\/don-domingo.com\/wp-content\/uploads\/2025\/09\/conaripe-4-768x576.jpg 768w, https:\/\/don-domingo.com\/wp-content\/uploads\/2025\/09\/conaripe-4-1536x1152.jpg 1536w, https:\/\/don-domingo.com\/wp-content\/uploads\/2025\/09\/conaripe-4.jpg 2000w\" sizes=\"auto, (max-width: 1024px) 100vw, 1024px\" \/><\/figure>\n\n\n\n<figure class=\"wp-block-image size-large\"><img loading=\"lazy\" decoding=\"async\" width=\"1024\" height=\"768\" data-id=\"350\" src=\"https:\/\/don-domingo.com\/wp-content\/uploads\/2025\/09\/conaripe-5-1024x768.jpg\" alt=\"\" class=\"wp-image-350\" srcset=\"https:\/\/don-domingo.com\/wp-content\/uploads\/2025\/09\/conaripe-5-1024x768.jpg 1024w, https:\/\/don-domingo.com\/wp-content\/uploads\/2025\/09\/conaripe-5-300x225.jpg 300w, https:\/\/don-domingo.com\/wp-content\/uploads\/2025\/09\/conaripe-5-768x576.jpg 768w, https:\/\/don-domingo.com\/wp-content\/uploads\/2025\/09\/conaripe-5-1536x1152.jpg 1536w, https:\/\/don-domingo.com\/wp-content\/uploads\/2025\/09\/conaripe-5.jpg 2000w\" sizes=\"auto, (max-width: 1024px) 100vw, 1024px\" \/><\/figure>\n\n\n\n<figure class=\"wp-block-image size-large\"><img loading=\"lazy\" decoding=\"async\" width=\"1024\" height=\"768\" data-id=\"347\" src=\"https:\/\/don-domingo.com\/wp-content\/uploads\/2025\/09\/conaripe-2-1024x768.jpg\" alt=\"\" class=\"wp-image-347\" srcset=\"https:\/\/don-domingo.com\/wp-content\/uploads\/2025\/09\/conaripe-2-1024x768.jpg 1024w, https:\/\/don-domingo.com\/wp-content\/uploads\/2025\/09\/conaripe-2-300x225.jpg 300w, https:\/\/don-domingo.com\/wp-content\/uploads\/2025\/09\/conaripe-2-768x576.jpg 768w, https:\/\/don-domingo.com\/wp-content\/uploads\/2025\/09\/conaripe-2-1536x1152.jpg 1536w, https:\/\/don-domingo.com\/wp-content\/uploads\/2025\/09\/conaripe-2.jpg 2000w\" sizes=\"auto, (max-width: 1024px) 100vw, 1024px\" \/><\/figure>\n<\/figure>\n\n\n\n<p><strong>Opcional para tercera persona con sofa cama, Muy comodo, se transforma en cama de una plaza <\/strong><\/p>\n\n\n\n<p class=\"has-very-light-gray-color has-very-dark-gray-background-color has-text-color has-background has-medium-font-size\">Apartamento UN Ambiente Matrimonial<\/p>\n\n\n\n<div class=\"wp-block-columns has-2-columns is-layout-flex wp-container-core-columns-is-layout-28f84493 wp-block-columns-is-layout-flex\">\n<div class=\"wp-block-column is-layout-flow wp-block-column-is-layout-flow\">\n<p><strong>El espacio<\/strong><br>Nuestros apartamentos est\u00e1n dise\u00f1ado para que nuestros hu\u00e9spedes disfruten de una estancia tranquila, c\u00f3moda y segura en su visita a Co\u00f1aripe. <br>Por lo mismo, nuestros apartamentos tienen todo lo necesario para preparara una comida r\u00e1pida, tomar un buen ba\u00f1o y tener una noche de descanso.<\/p>\n\n\n\n<p>Apartamento de 1 ambiente con cama matrimonial, tv con cable, wi-fi, calefacci\u00f3n, ba\u00f1o privado y cocina equipada, con estacionamiento privado sin costo.<\/p>\n\n\n\n<p><strong>Acceso de los hu\u00e9spedes<\/strong><br>Si bien es cierto esta totalmente prohibido fumar dentro de los apartamento, contamos con una terraza exterior, equipada con mesas, sillas, toldo y ceniceros.<\/p>\n\n\n\n<p><strong>Otros aspectos a destacar<\/strong><br>Los apartamentos incluyen un pack de bienvenida individual por hu\u00e9sped, con te, caf\u00e9, az\u00facar y endulzante.Aceite y sal (todo esto en cantidades minimas para el dia de llegada y salvar alguna emergencia \/ olvido)<\/p>\n\n\n\n<p><strong>Toallas incluidas &#8211; Ropa de Cama incluida<\/strong><\/p>\n<\/div>\n\n\n\n<div class=\"wp-block-column is-layout-flow wp-block-column-is-layout-flow\">\n<figure class=\"wp-block-image\"><img loading=\"lazy\" decoding=\"async\" width=\"1024\" height=\"575\" src=\"https:\/\/don-domingo.com\/wp-content\/uploads\/2020\/06\/sevicios-1024x575.jpg\" alt=\"\" class=\"wp-image-196\" srcset=\"https:\/\/don-domingo.com\/wp-content\/uploads\/2020\/06\/sevicios-1024x575.jpg 1024w, https:\/\/don-domingo.com\/wp-content\/uploads\/2020\/06\/sevicios-300x168.jpg 300w, https:\/\/don-domingo.com\/wp-content\/uploads\/2020\/06\/sevicios-768x431.jpg 768w\" sizes=\"auto, (max-width: 1024px) 100vw, 1024px\" \/><\/figure>\n<\/div>\n<\/div>\n\n\n\n<figure class=\"wp-block-gallery has-nested-images columns-default is-cropped wp-block-gallery-2 is-layout-flex wp-block-gallery-is-layout-flex\">\n<figure class=\"wp-block-image size-large\"><img loading=\"lazy\" decoding=\"async\" width=\"1024\" height=\"768\" data-id=\"355\" src=\"https:\/\/don-domingo.com\/wp-content\/uploads\/2025\/09\/conaripeSING-4-1024x768.jpg\" alt=\"\" class=\"wp-image-355\" srcset=\"https:\/\/don-domingo.com\/wp-content\/uploads\/2025\/09\/conaripeSING-4-1024x768.jpg 1024w, https:\/\/don-domingo.com\/wp-content\/uploads\/2025\/09\/conaripeSING-4-300x225.jpg 300w, https:\/\/don-domingo.com\/wp-content\/uploads\/2025\/09\/conaripeSING-4-768x576.jpg 768w, https:\/\/don-domingo.com\/wp-content\/uploads\/2025\/09\/conaripeSING-4-1536x1152.jpg 1536w, https:\/\/don-domingo.com\/wp-content\/uploads\/2025\/09\/conaripeSING-4.jpg 2000w\" sizes=\"auto, (max-width: 1024px) 100vw, 1024px\" \/><\/figure>\n\n\n\n<figure class=\"wp-block-image size-large\"><img loading=\"lazy\" decoding=\"async\" width=\"1024\" height=\"768\" data-id=\"354\" src=\"https:\/\/don-domingo.com\/wp-content\/uploads\/2025\/09\/conaripeSING-5-1024x768.jpg\" alt=\"\" class=\"wp-image-354\" srcset=\"https:\/\/don-domingo.com\/wp-content\/uploads\/2025\/09\/conaripeSING-5-1024x768.jpg 1024w, https:\/\/don-domingo.com\/wp-content\/uploads\/2025\/09\/conaripeSING-5-300x225.jpg 300w, https:\/\/don-domingo.com\/wp-content\/uploads\/2025\/09\/conaripeSING-5-768x576.jpg 768w, https:\/\/don-domingo.com\/wp-content\/uploads\/2025\/09\/conaripeSING-5-1536x1152.jpg 1536w, https:\/\/don-domingo.com\/wp-content\/uploads\/2025\/09\/conaripeSING-5.jpg 2000w\" sizes=\"auto, (max-width: 1024px) 100vw, 1024px\" \/><\/figure>\n\n\n\n<figure class=\"wp-block-image size-large\"><img loading=\"lazy\" decoding=\"async\" width=\"1024\" height=\"768\" data-id=\"353\" src=\"https:\/\/don-domingo.com\/wp-content\/uploads\/2025\/09\/conaripeSING-6-1024x768.jpg\" alt=\"\" class=\"wp-image-353\" srcset=\"https:\/\/don-domingo.com\/wp-content\/uploads\/2025\/09\/conaripeSING-6-1024x768.jpg 1024w, https:\/\/don-domingo.com\/wp-content\/uploads\/2025\/09\/conaripeSING-6-300x225.jpg 300w, https:\/\/don-domingo.com\/wp-content\/uploads\/2025\/09\/conaripeSING-6-768x576.jpg 768w, https:\/\/don-domingo.com\/wp-content\/uploads\/2025\/09\/conaripeSING-6-1536x1152.jpg 1536w, https:\/\/don-domingo.com\/wp-content\/uploads\/2025\/09\/conaripeSING-6.jpg 2000w\" sizes=\"auto, (max-width: 1024px) 100vw, 1024px\" \/><\/figure>\n\n\n\n<figure class=\"wp-block-image size-large\"><img loading=\"lazy\" decoding=\"async\" width=\"1024\" height=\"768\" data-id=\"352\" src=\"https:\/\/don-domingo.com\/wp-content\/uploads\/2025\/09\/conaripeSING-1-1024x768.jpg\" alt=\"\" class=\"wp-image-352\" srcset=\"https:\/\/don-domingo.com\/wp-content\/uploads\/2025\/09\/conaripeSING-1-1024x768.jpg 1024w, https:\/\/don-domingo.com\/wp-content\/uploads\/2025\/09\/conaripeSING-1-300x225.jpg 300w, https:\/\/don-domingo.com\/wp-content\/uploads\/2025\/09\/conaripeSING-1-768x576.jpg 768w, https:\/\/don-domingo.com\/wp-content\/uploads\/2025\/09\/conaripeSING-1-1536x1152.jpg 1536w, https:\/\/don-domingo.com\/wp-content\/uploads\/2025\/09\/conaripeSING-1.jpg 2000w\" sizes=\"auto, (max-width: 1024px) 100vw, 1024px\" \/><\/figure>\n\n\n\n<figure class=\"wp-block-image size-large\"><img loading=\"lazy\" decoding=\"async\" width=\"1024\" height=\"768\" data-id=\"351\" src=\"https:\/\/don-domingo.com\/wp-content\/uploads\/2025\/09\/conaripeSING-3-1024x768.jpg\" alt=\"\" class=\"wp-image-351\" srcset=\"https:\/\/don-domingo.com\/wp-content\/uploads\/2025\/09\/conaripeSING-3-1024x768.jpg 1024w, https:\/\/don-domingo.com\/wp-content\/uploads\/2025\/09\/conaripeSING-3-300x225.jpg 300w, https:\/\/don-domingo.com\/wp-content\/uploads\/2025\/09\/conaripeSING-3-768x576.jpg 768w, https:\/\/don-domingo.com\/wp-content\/uploads\/2025\/09\/conaripeSING-3-1536x1152.jpg 1536w, https:\/\/don-domingo.com\/wp-content\/uploads\/2025\/09\/conaripeSING-3.jpg 2000w\" sizes=\"auto, (max-width: 1024px) 100vw, 1024px\" \/><\/figure>\n<\/figure>\n\n\n\n<figure class=\"wp-block-image alignfull size-large\"><img loading=\"lazy\" decoding=\"async\" width=\"1024\" height=\"384\" src=\"https:\/\/don-domingo.com\/wp-content\/uploads\/2025\/09\/conaripeSING-8-1024x384.jpg\" alt=\"\" class=\"wp-image-361\" srcset=\"https:\/\/don-domingo.com\/wp-content\/uploads\/2025\/09\/conaripeSING-8-1024x384.jpg 1024w, https:\/\/don-domingo.com\/wp-content\/uploads\/2025\/09\/conaripeSING-8-300x113.jpg 300w, https:\/\/don-domingo.com\/wp-content\/uploads\/2025\/09\/conaripeSING-8-768x288.jpg 768w, https:\/\/don-domingo.com\/wp-content\/uploads\/2025\/09\/conaripeSING-8-1536x576.jpg 1536w, https:\/\/don-domingo.com\/wp-content\/uploads\/2025\/09\/conaripeSING-8.jpg 2000w\" sizes=\"auto, (max-width: 1024px) 100vw, 1024px\" \/><\/figure>\n","protected":false},"excerpt":{"rendered":"<p>Desde el Lago Calafqu\u00e9n, abriendo la Patagonia Chilena con una propuesta simple, moderna, limpia y con el confort necesario para pasar unos excelentes d\u00edas de vacaciones. Apartamento DOS Ambientes Apartamento de dos ambientes con 1 cama matrimonial, tv con cable, ba\u00f1o privado, cocina equipada , sala de estar con 1 sill\u00f3n(sill\u00f3n cama tipo fut\u00f3n) y [&hellip;]<\/p>\n","protected":false},"author":1,"featured_media":0,"parent":0,"menu_order":0,"comment_status":"closed","ping_status":"closed","template":"","meta":{"footnotes":""},"class_list":["post-338","page","type-page","status-publish","hentry"],"_links":{"self":[{"href":"https:\/\/don-domingo.com\/index.php?rest_route=\/wp\/v2\/pages\/338","targetHints":{"allow":["GET"]}}],"collection":[{"href":"https:\/\/don-domingo.com\/index.php?rest_route=\/wp\/v2\/pages"}],"about":[{"href":"https:\/\/don-domingo.com\/index.php?rest_route=\/wp\/v2\/types\/page"}],"author":[{"embeddable":true,"href":"https:\/\/don-domingo.com\/index.php?rest_route=\/wp\/v2\/users\/1"}],"replies":[{"embeddable":true,"href":"https:\/\/don-domingo.com\/index.php?rest_route=%2Fwp%2Fv2%2Fcomments&post=338"}],"version-history":[{"count":7,"href":"https:\/\/don-domingo.com\/index.php?rest_route=\/wp\/v2\/pages\/338\/revisions"}],"predecessor-version":[{"id":387,"href":"https:\/\/don-domingo.com\/index.php?rest_route=\/wp\/v2\/pages\/338\/revisions\/387"}],"wp:attachment":[{"href":"https:\/\/don-domingo.com\/index.php?rest_route=%2Fwp%2Fv2%2Fmedia&parent=338"}],"curies":[{"name":"wp","href":"https:\/\/api.w.org\/{rel}","templated":true}]}}