{"id":102,"date":"2020-06-20T21:41:59","date_gmt":"2020-06-21T01:41:59","guid":{"rendered":"http:\/\/don-domingo.com\/?page_id=102"},"modified":"2025-09-02T15:50:12","modified_gmt":"2025-09-02T19:50:12","slug":"don-domingo-temuco","status":"publish","type":"page","link":"https:\/\/don-domingo.com\/?page_id=102","title":{"rendered":"TEMUCO"},"content":{"rendered":"\n<p>Estamos ubicados en un barrio residencial de  Temuco, por lo que  nuestros hu\u00e9spedes podr\u00e1n disfrutar de una estad\u00eda  tranquila y segura, aun cuando estamos  a media cuadra del Casino de  Juegos,  del Mall y rodeados  de los mejores  restaurantes  y caf\u00e9s de nuestra ciudad.<br>Tambi\u00e9n estamos  cercanos a bancos, cl\u00ednicas, farmacias, ciclov\u00edas y locomoci\u00f3n p\u00fablica.<\/p>\n\n\n\n<p>Es  posible acceder  a transporte p\u00fablico  a solo media cuadra de nuestros apartamentos<\/p>\n\n\n\n<p><\/p>\n\n\n\n<p class=\"has-very-light-gray-color has-very-dark-gray-background-color has-text-color has-background has-medium-font-size\">Apartamento DOS Ambientes <\/p>\n\n\n\n<p>(una, dos o tres personas)<\/p>\n\n\n\n<div class=\"wp-block-columns has-2-columns is-layout-flex wp-container-core-columns-is-layout-28f84493 wp-block-columns-is-layout-flex\">\n<div class=\"wp-block-column is-layout-flow wp-block-column-is-layout-flow\">\n<p>Apartamento\n de dos ambientes con  1 cama matrimonial, tv con cable, ba\u00f1o privado, \ncocina equipada , sala de estar con 1 sill\u00f3n(sill\u00f3n cama  tipo fut\u00f3n) y \nmesa para dos personas,  a pasos del Casino y Mall. Estacionamiento \nprivado gratuito disponible solo previa reserva y confirmaci\u00f3n de la \nmisma.<\/p>\n\n\n\n<p>El espacio<br>Nuestros  \napartamentos est\u00e1n dise\u00f1ado para que nuestros hu\u00e9spedes disfruten de una\n estancia tranquila, c\u00f3moda y segura en su visita a Temuco. <br>Por lo \nmismo, nuestros apartamentos tienen todo lo necesario para preparara una\n comida r\u00e1pida, tomar un buen ba\u00f1o y tener una noche de descanso sin los\n  fr\u00edos t\u00edpicos de nuestra ciudad en esta \u00e9poca del a\u00f1o.<\/p>\n\n\n\n<p>Acceso de los hu\u00e9spedes<br>Si\n bien es cierto esta totalmente prohibido fumar dentro de los \napartamento, contamos con una terraza exterior  de uso com\u00fan, equipada \ncon mesas, sillas, toldo y ceniceros  donde si es posible fumar<\/p>\n\n\n\n<p>Otros aspectos a destacar<br>Los apartamentos incluyen un pack de  bienvenida individual por hu\u00e9sped,  con t\u00e9, caf\u00e9, az\u00facar y endulzante.<\/p>\n\n\n\n<p>Toallas incluidas<\/p>\n<\/div>\n\n\n\n<div class=\"wp-block-column is-layout-flow wp-block-column-is-layout-flow\">\n<figure class=\"wp-block-embed is-type-video is-provider-youtube wp-block-embed-youtube wp-embed-aspect-16-9 wp-has-aspect-ratio\"><div class=\"wp-block-embed__wrapper\">\n<iframe loading=\"lazy\" title=\"Apartamento Dos Ambientes\" width=\"500\" height=\"281\" src=\"https:\/\/www.youtube.com\/embed\/Xk4a5NKVeWk?feature=oembed\" frameborder=\"0\" allow=\"accelerometer; autoplay; clipboard-write; encrypted-media; gyroscope; picture-in-picture; web-share\" referrerpolicy=\"strict-origin-when-cross-origin\" allowfullscreen><\/iframe>\n<\/div><\/figure>\n\n\n\n<figure class=\"wp-block-image\"><img loading=\"lazy\" decoding=\"async\" width=\"1024\" height=\"575\" src=\"http:\/\/don-domingo.com\/wp-content\/uploads\/2020\/06\/sevicios-1024x575.jpg\" alt=\"\" class=\"wp-image-196\" srcset=\"https:\/\/don-domingo.com\/wp-content\/uploads\/2020\/06\/sevicios-1024x575.jpg 1024w, https:\/\/don-domingo.com\/wp-content\/uploads\/2020\/06\/sevicios-300x168.jpg 300w, https:\/\/don-domingo.com\/wp-content\/uploads\/2020\/06\/sevicios-768x431.jpg 768w\" sizes=\"auto, (max-width: 1024px) 100vw, 1024px\" \/><\/figure>\n<\/div>\n<\/div>\n\n\n\n<figure class=\"wp-block-gallery has-nested-images columns-default is-cropped wp-block-gallery-1 is-layout-flex wp-block-gallery-is-layout-flex\">\n<figure class=\"wp-block-image size-large\"><img loading=\"lazy\" decoding=\"async\" width=\"1024\" height=\"575\" data-id=\"173\" src=\"https:\/\/don-domingo.com\/wp-content\/uploads\/2020\/06\/camam-1-6-1024x575.jpg\" alt=\"\" class=\"wp-image-173\" srcset=\"https:\/\/don-domingo.com\/wp-content\/uploads\/2020\/06\/camam-1-6-1024x575.jpg 1024w, https:\/\/don-domingo.com\/wp-content\/uploads\/2020\/06\/camam-1-6-300x168.jpg 300w, https:\/\/don-domingo.com\/wp-content\/uploads\/2020\/06\/camam-1-6-768x431.jpg 768w, https:\/\/don-domingo.com\/wp-content\/uploads\/2020\/06\/camam-1-6.jpg 2000w\" sizes=\"auto, (max-width: 1024px) 100vw, 1024px\" \/><\/figure>\n\n\n\n<figure class=\"wp-block-image size-large\"><img loading=\"lazy\" decoding=\"async\" width=\"1024\" height=\"575\" data-id=\"174\" src=\"https:\/\/don-domingo.com\/wp-content\/uploads\/2020\/06\/cocina-1-1024x575.jpg\" alt=\"\" class=\"wp-image-174\" srcset=\"https:\/\/don-domingo.com\/wp-content\/uploads\/2020\/06\/cocina-1-1024x575.jpg 1024w, https:\/\/don-domingo.com\/wp-content\/uploads\/2020\/06\/cocina-1-300x168.jpg 300w, https:\/\/don-domingo.com\/wp-content\/uploads\/2020\/06\/cocina-1-768x431.jpg 768w, https:\/\/don-domingo.com\/wp-content\/uploads\/2020\/06\/cocina-1.jpg 2000w\" sizes=\"auto, (max-width: 1024px) 100vw, 1024px\" \/><\/figure>\n\n\n\n<figure class=\"wp-block-image size-large\"><img loading=\"lazy\" decoding=\"async\" width=\"1024\" height=\"575\" data-id=\"175\" src=\"https:\/\/don-domingo.com\/wp-content\/uploads\/2020\/06\/living-1-1024x575.jpg\" alt=\"\" class=\"wp-image-175\" srcset=\"https:\/\/don-domingo.com\/wp-content\/uploads\/2020\/06\/living-1-1024x575.jpg 1024w, https:\/\/don-domingo.com\/wp-content\/uploads\/2020\/06\/living-1-300x168.jpg 300w, https:\/\/don-domingo.com\/wp-content\/uploads\/2020\/06\/living-1-768x431.jpg 768w, https:\/\/don-domingo.com\/wp-content\/uploads\/2020\/06\/living-1.jpg 2000w\" sizes=\"auto, (max-width: 1024px) 100vw, 1024px\" \/><\/figure>\n\n\n\n<figure class=\"wp-block-image size-large\"><img loading=\"lazy\" decoding=\"async\" width=\"1024\" height=\"575\" data-id=\"176\" src=\"https:\/\/don-domingo.com\/wp-content\/uploads\/2020\/06\/cama-1-1-1024x575.jpg\" alt=\"\" class=\"wp-image-176\" srcset=\"https:\/\/don-domingo.com\/wp-content\/uploads\/2020\/06\/cama-1-1-1024x575.jpg 1024w, https:\/\/don-domingo.com\/wp-content\/uploads\/2020\/06\/cama-1-1-300x168.jpg 300w, https:\/\/don-domingo.com\/wp-content\/uploads\/2020\/06\/cama-1-1-768x431.jpg 768w, https:\/\/don-domingo.com\/wp-content\/uploads\/2020\/06\/cama-1-1.jpg 2000w\" sizes=\"auto, (max-width: 1024px) 100vw, 1024px\" \/><\/figure>\n<\/figure>\n\n\n\n<p><strong>Opcional para tercera persona con sofa cama, Muy comodo, se transforma en cama de plaza y media <\/strong><\/p>\n\n\n\n<div class=\"wp-block-columns has-2-columns is-layout-flex wp-container-core-columns-is-layout-28f84493 wp-block-columns-is-layout-flex\">\n<div class=\"wp-block-column is-layout-flow wp-block-column-is-layout-flow\">\n<figure class=\"wp-block-image\"><img loading=\"lazy\" decoding=\"async\" width=\"1024\" height=\"575\" src=\"http:\/\/don-domingo.com\/wp-content\/uploads\/2020\/06\/sofacama-1024x575.jpg\" alt=\"\" class=\"wp-image-185\" srcset=\"https:\/\/don-domingo.com\/wp-content\/uploads\/2020\/06\/sofacama-1024x575.jpg 1024w, https:\/\/don-domingo.com\/wp-content\/uploads\/2020\/06\/sofacama-300x168.jpg 300w, https:\/\/don-domingo.com\/wp-content\/uploads\/2020\/06\/sofacama-768x431.jpg 768w, https:\/\/don-domingo.com\/wp-content\/uploads\/2020\/06\/sofacama.jpg 2000w\" sizes=\"auto, (max-width: 1024px) 100vw, 1024px\" \/><\/figure>\n<\/div>\n\n\n\n<div class=\"wp-block-column is-layout-flow wp-block-column-is-layout-flow\">\n<figure class=\"wp-block-image\"><img loading=\"lazy\" decoding=\"async\" width=\"1024\" height=\"575\" src=\"https:\/\/don-domingo.com\/wp-content\/uploads\/2020\/06\/sofacama2-1024x575.jpg\" alt=\"\" class=\"wp-image-198\" srcset=\"https:\/\/don-domingo.com\/wp-content\/uploads\/2020\/06\/sofacama2-1024x575.jpg 1024w, https:\/\/don-domingo.com\/wp-content\/uploads\/2020\/06\/sofacama2-300x168.jpg 300w, https:\/\/don-domingo.com\/wp-content\/uploads\/2020\/06\/sofacama2-768x431.jpg 768w, https:\/\/don-domingo.com\/wp-content\/uploads\/2020\/06\/sofacama2.jpg 2000w\" sizes=\"auto, (max-width: 1024px) 100vw, 1024px\" \/><\/figure>\n<\/div>\n<\/div>\n\n\n\n<figure class=\"wp-block-image\"><img loading=\"lazy\" decoding=\"async\" width=\"300\" height=\"150\" src=\"http:\/\/don-domingo.com\/wp-content\/uploads\/2019\/10\/logoWEBapaisado.png\" alt=\"Don Domingo Apart Hotel\" class=\"wp-image-48\"\/><\/figure>\n\n\n\n<p class=\"has-very-light-gray-color has-very-dark-gray-background-color has-text-color has-background has-medium-font-size\">Apartamento UN Ambiente Matrimonial<\/p>\n\n\n\n<p>(una o dos personas)<\/p>\n\n\n\n<div class=\"wp-block-columns has-2-columns is-layout-flex wp-container-core-columns-is-layout-28f84493 wp-block-columns-is-layout-flex\">\n<div class=\"wp-block-column is-layout-flow wp-block-column-is-layout-flow\">\n<p><strong>El espacio<\/strong><br>Nuestros   apartamentos est\u00e1n dise\u00f1ado para que nuestros hu\u00e9spedes disfruten de  una estancia tranquila, c\u00f3moda y segura en su visita a Temuco. <br>Por  lo mismo, nuestros apartamentos tienen todo lo necesario para preparara  una comida r\u00e1pida, tomar un buen ba\u00f1o y tener una noche de descanso sin  los  fr\u00edos t\u00edpicos de nuestra ciudad en esta \u00e9poca del a\u00f1o.<\/p>\n\n\n\n<p>Apartamento\n de 1 ambiente con cama matrimonial, tv con cable, wi-fi, calefacci\u00f3n, \nba\u00f1o privado y cocina equipada a pasos del Casino y Mall, con \nestacionamiento privado y sin costo, solo  previa reserva y confirmaci\u00f3n\n de la misma.<\/p>\n\n\n\n<p><strong>Acceso de los hu\u00e9spedes<\/strong><br>Si  bien es cierto esta totalmente prohibido fumar dentro de los  apartamento, contamos con una terraza exterior  de uso com\u00fan, equipada  con mesas, sillas, toldo y ceniceros  donde si es posible fumar<\/p>\n\n\n\n<p><strong>Otros aspectos a destacar<\/strong><br>Los apartamentos incluyen un pack de  bienvenida individual por hu\u00e9sped,  con te, caf\u00e9, az\u00facar y endulzante.<\/p>\n\n\n\n<p>Toallas incluidas<\/p>\n<\/div>\n\n\n\n<div class=\"wp-block-column is-layout-flow wp-block-column-is-layout-flow\">\n<figure class=\"wp-block-embed is-type-video is-provider-youtube wp-block-embed-youtube wp-embed-aspect-16-9 wp-has-aspect-ratio\"><div class=\"wp-block-embed__wrapper\">\n<iframe loading=\"lazy\" title=\"Apartamento Un Ambiente Matrimonial\" width=\"500\" height=\"281\" src=\"https:\/\/www.youtube.com\/embed\/ofdPDzvUL7M?feature=oembed\" frameborder=\"0\" allow=\"accelerometer; autoplay; clipboard-write; encrypted-media; gyroscope; picture-in-picture; web-share\" referrerpolicy=\"strict-origin-when-cross-origin\" allowfullscreen><\/iframe>\n<\/div><\/figure>\n\n\n\n<figure class=\"wp-block-image\"><img loading=\"lazy\" decoding=\"async\" width=\"1024\" height=\"575\" src=\"https:\/\/don-domingo.com\/wp-content\/uploads\/2020\/06\/sevicios-1024x575.jpg\" alt=\"\" class=\"wp-image-196\" srcset=\"https:\/\/don-domingo.com\/wp-content\/uploads\/2020\/06\/sevicios-1024x575.jpg 1024w, https:\/\/don-domingo.com\/wp-content\/uploads\/2020\/06\/sevicios-300x168.jpg 300w, https:\/\/don-domingo.com\/wp-content\/uploads\/2020\/06\/sevicios-768x431.jpg 768w\" sizes=\"auto, (max-width: 1024px) 100vw, 1024px\" \/><\/figure>\n<\/div>\n<\/div>\n\n\n\n<figure class=\"wp-block-gallery has-nested-images columns-default is-cropped wp-block-gallery-2 is-layout-flex wp-block-gallery-is-layout-flex\">\n<figure class=\"wp-block-image size-large\"><img loading=\"lazy\" decoding=\"async\" width=\"1024\" height=\"575\" data-id=\"178\" src=\"https:\/\/don-domingo.com\/wp-content\/uploads\/2020\/06\/matrimonial-1-1024x575.jpg\" alt=\"\" class=\"wp-image-178\" srcset=\"https:\/\/don-domingo.com\/wp-content\/uploads\/2020\/06\/matrimonial-1-1024x575.jpg 1024w, https:\/\/don-domingo.com\/wp-content\/uploads\/2020\/06\/matrimonial-1-300x168.jpg 300w, https:\/\/don-domingo.com\/wp-content\/uploads\/2020\/06\/matrimonial-1-768x431.jpg 768w, https:\/\/don-domingo.com\/wp-content\/uploads\/2020\/06\/matrimonial-1.jpg 2000w\" sizes=\"auto, (max-width: 1024px) 100vw, 1024px\" \/><\/figure>\n\n\n\n<figure class=\"wp-block-image size-large\"><img loading=\"lazy\" decoding=\"async\" width=\"1024\" height=\"575\" data-id=\"180\" src=\"https:\/\/don-domingo.com\/wp-content\/uploads\/2020\/06\/cocina-chica-1024x575.jpg\" alt=\"\" class=\"wp-image-180\" srcset=\"https:\/\/don-domingo.com\/wp-content\/uploads\/2020\/06\/cocina-chica-1024x575.jpg 1024w, https:\/\/don-domingo.com\/wp-content\/uploads\/2020\/06\/cocina-chica-300x168.jpg 300w, https:\/\/don-domingo.com\/wp-content\/uploads\/2020\/06\/cocina-chica-768x431.jpg 768w, https:\/\/don-domingo.com\/wp-content\/uploads\/2020\/06\/cocina-chica.jpg 2000w\" sizes=\"auto, (max-width: 1024px) 100vw, 1024px\" \/><\/figure>\n\n\n\n<figure class=\"wp-block-image size-large\"><img loading=\"lazy\" decoding=\"async\" width=\"1024\" height=\"575\" data-id=\"182\" src=\"https:\/\/don-domingo.com\/wp-content\/uploads\/2020\/06\/bano-1-1-1024x575.jpg\" alt=\"\" class=\"wp-image-182\" srcset=\"https:\/\/don-domingo.com\/wp-content\/uploads\/2020\/06\/bano-1-1-1024x575.jpg 1024w, https:\/\/don-domingo.com\/wp-content\/uploads\/2020\/06\/bano-1-1-300x168.jpg 300w, https:\/\/don-domingo.com\/wp-content\/uploads\/2020\/06\/bano-1-1-768x431.jpg 768w, https:\/\/don-domingo.com\/wp-content\/uploads\/2020\/06\/bano-1-1.jpg 2000w\" sizes=\"auto, (max-width: 1024px) 100vw, 1024px\" \/><\/figure>\n\n\n\n<figure class=\"wp-block-image size-large\"><img loading=\"lazy\" decoding=\"async\" width=\"1024\" height=\"575\" data-id=\"183\" src=\"https:\/\/don-domingo.com\/wp-content\/uploads\/2020\/06\/cama-1-2-1024x575.jpg\" alt=\"\" class=\"wp-image-183\" srcset=\"https:\/\/don-domingo.com\/wp-content\/uploads\/2020\/06\/cama-1-2-1024x575.jpg 1024w, https:\/\/don-domingo.com\/wp-content\/uploads\/2020\/06\/cama-1-2-300x168.jpg 300w, https:\/\/don-domingo.com\/wp-content\/uploads\/2020\/06\/cama-1-2-768x431.jpg 768w\" sizes=\"auto, (max-width: 1024px) 100vw, 1024px\" \/><\/figure>\n\n\n\n<figure class=\"wp-block-image size-large\"><img loading=\"lazy\" decoding=\"async\" width=\"1024\" height=\"575\" data-id=\"184\" src=\"https:\/\/don-domingo.com\/wp-content\/uploads\/2020\/06\/matrimonial-2-1-1024x575.jpg\" alt=\"\" class=\"wp-image-184\" srcset=\"https:\/\/don-domingo.com\/wp-content\/uploads\/2020\/06\/matrimonial-2-1-1024x575.jpg 1024w, https:\/\/don-domingo.com\/wp-content\/uploads\/2020\/06\/matrimonial-2-1-300x168.jpg 300w, https:\/\/don-domingo.com\/wp-content\/uploads\/2020\/06\/matrimonial-2-1-768x431.jpg 768w, https:\/\/don-domingo.com\/wp-content\/uploads\/2020\/06\/matrimonial-2-1.jpg 2000w\" sizes=\"auto, (max-width: 1024px) 100vw, 1024px\" \/><\/figure>\n<\/figure>\n\n\n\n<figure class=\"wp-block-image\"><img loading=\"lazy\" decoding=\"async\" width=\"300\" height=\"150\" src=\"http:\/\/don-domingo.com\/wp-content\/uploads\/2019\/10\/logoWEBapaisado.png\" alt=\"Don Domingo Apart Hotel\" class=\"wp-image-48\"\/><\/figure>\n\n\n\n<p><\/p>\n\n\n\n<div class=\"wp-block-columns has-2-columns is-layout-flex wp-container-core-columns-is-layout-28f84493 wp-block-columns-is-layout-flex\">\n<div class=\"wp-block-column is-layout-flow wp-block-column-is-layout-flow\"><\/div>\n\n\n\n<div class=\"wp-block-column is-layout-flow wp-block-column-is-layout-flow\"><\/div>\n<\/div>\n\n\n\n<figure class=\"wp-block-gallery has-nested-images columns-default is-cropped wp-block-gallery-3 is-layout-flex wp-block-gallery-is-layout-flex\">\n<figure class=\"wp-block-image\"><img loading=\"lazy\" decoding=\"async\" width=\"1024\" height=\"575\" data-id=\"188\" src=\"https:\/\/don-domingo.com\/wp-content\/uploads\/2020\/06\/bano-1-3-1024x575.jpg\" alt=\"\" class=\"wp-image-188\" srcset=\"https:\/\/don-domingo.com\/wp-content\/uploads\/2020\/06\/bano-1-3-1024x575.jpg 1024w, https:\/\/don-domingo.com\/wp-content\/uploads\/2020\/06\/bano-1-3-300x168.jpg 300w, https:\/\/don-domingo.com\/wp-content\/uploads\/2020\/06\/bano-1-3-768x431.jpg 768w, https:\/\/don-domingo.com\/wp-content\/uploads\/2020\/06\/bano-1-3.jpg 2000w\" sizes=\"auto, (max-width: 1024px) 100vw, 1024px\" \/><\/figure>\n\n\n\n<figure class=\"wp-block-image\"><img loading=\"lazy\" decoding=\"async\" width=\"1024\" height=\"575\" data-id=\"189\" src=\"https:\/\/don-domingo.com\/wp-content\/uploads\/2020\/06\/cocina-chica-2-1024x575.jpg\" alt=\"\" class=\"wp-image-189\" srcset=\"https:\/\/don-domingo.com\/wp-content\/uploads\/2020\/06\/cocina-chica-2-1024x575.jpg 1024w, https:\/\/don-domingo.com\/wp-content\/uploads\/2020\/06\/cocina-chica-2-300x168.jpg 300w, https:\/\/don-domingo.com\/wp-content\/uploads\/2020\/06\/cocina-chica-2-768x431.jpg 768w, https:\/\/don-domingo.com\/wp-content\/uploads\/2020\/06\/cocina-chica-2.jpg 2000w\" sizes=\"auto, (max-width: 1024px) 100vw, 1024px\" \/><\/figure>\n\n\n\n<figure class=\"wp-block-image\"><img loading=\"lazy\" decoding=\"async\" width=\"1024\" height=\"575\" data-id=\"191\" src=\"https:\/\/don-domingo.com\/wp-content\/uploads\/2020\/06\/twin-2-1024x575.jpg\" alt=\"\" class=\"wp-image-191\" srcset=\"https:\/\/don-domingo.com\/wp-content\/uploads\/2020\/06\/twin-2-1024x575.jpg 1024w, https:\/\/don-domingo.com\/wp-content\/uploads\/2020\/06\/twin-2-300x168.jpg 300w, https:\/\/don-domingo.com\/wp-content\/uploads\/2020\/06\/twin-2-768x431.jpg 768w, https:\/\/don-domingo.com\/wp-content\/uploads\/2020\/06\/twin-2.jpg 2000w\" sizes=\"auto, (max-width: 1024px) 100vw, 1024px\" \/><\/figure>\n<\/figure>\n","protected":false},"excerpt":{"rendered":"<p>Estamos ubicados en un barrio residencial de Temuco, por lo que nuestros hu\u00e9spedes podr\u00e1n disfrutar de una estad\u00eda tranquila y segura, aun cuando estamos a media cuadra del Casino de Juegos, del Mall y rodeados de los mejores restaurantes y caf\u00e9s de nuestra ciudad.Tambi\u00e9n estamos cercanos a bancos, cl\u00ednicas, farmacias, ciclov\u00edas y locomoci\u00f3n p\u00fablica. Es [&hellip;]<\/p>\n","protected":false},"author":1,"featured_media":0,"parent":0,"menu_order":0,"comment_status":"closed","ping_status":"closed","template":"","meta":{"footnotes":""},"class_list":["post-102","page","type-page","status-publish","hentry"],"_links":{"self":[{"href":"https:\/\/don-domingo.com\/index.php?rest_route=\/wp\/v2\/pages\/102","targetHints":{"allow":["GET"]}}],"collection":[{"href":"https:\/\/don-domingo.com\/index.php?rest_route=\/wp\/v2\/pages"}],"about":[{"href":"https:\/\/don-domingo.com\/index.php?rest_route=\/wp\/v2\/types\/page"}],"author":[{"embeddable":true,"href":"https:\/\/don-domingo.com\/index.php?rest_route=\/wp\/v2\/users\/1"}],"replies":[{"embeddable":true,"href":"https:\/\/don-domingo.com\/index.php?rest_route=%2Fwp%2Fv2%2Fcomments&post=102"}],"version-history":[{"count":27,"href":"https:\/\/don-domingo.com\/index.php?rest_route=\/wp\/v2\/pages\/102\/revisions"}],"predecessor-version":[{"id":332,"href":"https:\/\/don-domingo.com\/index.php?rest_route=\/wp\/v2\/pages\/102\/revisions\/332"}],"wp:attachment":[{"href":"https:\/\/don-domingo.com\/index.php?rest_route=%2Fwp%2Fv2%2Fmedia&parent=102"}],"curies":[{"name":"wp","href":"https:\/\/api.w.org\/{rel}","templated":true}]}}